{"id":340,"date":"2023-08-01T19:21:03","date_gmt":"2023-08-01T19:21:03","guid":{"rendered":"https:\/\/dev.mediadome.at\/murauer-regionsgutschein\/?page_id=340"},"modified":"2023-11-15T16:39:38","modified_gmt":"2023-11-15T14:39:38","slug":"impressum","status":"publish","type":"page","link":"https:\/\/murauer-regionsgutschein.at\/gutscheinpartner\/impressum\/","title":{"rendered":"Impressum"},"content":{"rendered":"\t\t<div data-elementor-type=\"wp-page\" data-elementor-id=\"340\" class=\"elementor elementor-340\" data-elementor-post-type=\"page\">\n\t\t\t\t\t\t\t\t\t<section class=\"elementor-section elementor-top-section elementor-element elementor-element-f2ff1b9 elementor-section-boxed elementor-section-height-default elementor-section-height-default\" data-id=\"f2ff1b9\" data-element_type=\"section\">\n\t\t\t\t\t\t<div class=\"elementor-container elementor-column-gap-default\">\n\t\t\t\t\t<div class=\"elementor-column elementor-col-100 elementor-top-column elementor-element elementor-element-ba15a22\" data-id=\"ba15a22\" data-element_type=\"column\">\n\t\t\t<div class=\"elementor-widget-wrap elementor-element-populated\">\n\t\t\t\t\t\t\t\t<div class=\"elementor-element elementor-element-17f6b6f elementor-widget elementor-widget-heading\" data-id=\"17f6b6f\" data-element_type=\"widget\" data-widget_type=\"heading.default\">\n\t\t\t\t<div class=\"elementor-widget-container\">\n\t\t\t<style>\/*! elementor - v3.15.0 - 31-07-2023 *\/\n.elementor-heading-title{padding:0;margin:0;line-height:1}.elementor-widget-heading .elementor-heading-title[class*=elementor-size-]>a{color:inherit;font-size:inherit;line-height:inherit}.elementor-widget-heading .elementor-heading-title.elementor-size-small{font-size:15px}.elementor-widget-heading .elementor-heading-title.elementor-size-medium{font-size:19px}.elementor-widget-heading .elementor-heading-title.elementor-size-large{font-size:29px}.elementor-widget-heading .elementor-heading-title.elementor-size-xl{font-size:39px}.elementor-widget-heading .elementor-heading-title.elementor-size-xxl{font-size:59px}<\/style><h1 class=\"elementor-heading-title elementor-size-default\">Impressum<\/h1>\t\t<\/div>\n\t\t\t\t<\/div>\n\t\t\t\t<div class=\"elementor-element elementor-element-b3b9129 elementor-widget elementor-widget-text-editor\" data-id=\"b3b9129\" data-element_type=\"widget\" data-widget_type=\"text-editor.default\">\n\t\t\t\t<div class=\"elementor-widget-container\">\n\t\t\t<style>\/*! elementor - v3.15.0 - 31-07-2023 *\/\n.elementor-widget-text-editor.elementor-drop-cap-view-stacked .elementor-drop-cap{background-color:#69727d;color:#fff}.elementor-widget-text-editor.elementor-drop-cap-view-framed .elementor-drop-cap{color:#69727d;border:3px solid;background-color:transparent}.elementor-widget-text-editor:not(.elementor-drop-cap-view-default) .elementor-drop-cap{margin-top:8px}.elementor-widget-text-editor:not(.elementor-drop-cap-view-default) .elementor-drop-cap-letter{width:1em;height:1em}.elementor-widget-text-editor .elementor-drop-cap{float:left;text-align:center;line-height:1;font-size:50px}.elementor-widget-text-editor .elementor-drop-cap-letter{display:inline-block}<\/style>\t\t\t\t<p><\/p>\n<p>Offenlegung gem. \u00a7 25 Abs 5 MedienG:<\/p>\n<p><span style=\"font-weight: bolder;\">WIRTSCHAFTSVEREIN BEZIRK MURAU<\/span><\/p>\n<p><span style=\"font-weight: bolder;\">ZVR-Zahl:<\/span>&nbsp;1956454354<br><span style=\"font-weight: bolder;\">Zust\u00e4ndigkeit:&nbsp;<\/span>Bezirkshauptmannschaft Murau<\/p>\n<p><span style=\"font-weight: bolder;\">Sitz:&nbsp;<\/span>Niederw\u00f6lz<br><span style=\"font-weight: bolder;\">Anschrift:<\/span>&nbsp;8831Niederw\u00f6lz, Gruberweg 41<\/p>\n<p><span style=\"font-weight: bolder;\">Obmann:<\/span>&nbsp;Albert Brunner<br><span style=\"font-weight: bolder;\">Obmann-Stv:&nbsp;<\/span>Sebastian Pintar<br><span style=\"font-weight: bolder;\">Kassier:<\/span>&nbsp;DI Wolfgang Moser<br><span style=\"font-weight: bolder;\">Kassier-Stv:&nbsp;<\/span>Mag. Ernst Autischer<\/p>\n<p><span style=\"font-weight: bolder;\">Telefon<\/span>:&nbsp;<font face=\"var( --e-global-typography-text-font-family ), Sans-serif\"><span style=\"background-color: rgb(255, 255, 255); font-weight: var( --e-global-typography-text-font-weight ); line-height: var( --e-global-typography-text-line-height );\"><a href=\"http:\/\/tel:0353241900\">+43 3532 419 00<\/a><\/span><\/font><br><span style=\"font-weight: bolder;\">E-Mail<\/span>:&nbsp;<a href=\"mailto:info@murauer-regionsgutschein.at\" style=\"font-family: var( --e-global-typography-text-font-family ), Sans-serif; font-size: var( --e-global-typography-text-font-size ); font-weight: var( --e-global-typography-text-font-weight ); line-height: var( --e-global-typography-text-line-height );\">info@murauer-regionsgutschein.at<\/a><\/p>\n<p><br><\/p>\n<p><\/p>\n<p><span style=\"font-weight: bold;\">Murauer Regionsgutschein GmbH<\/span><\/p>\n<p><span style=\"font-weight: bolder;\">Firmenbuchnummer:<\/span>&nbsp;613815w<br><span style=\"font-weight: bold;\">Zust\u00e4ndigkeit:&nbsp;<\/span>Bezirkshauptmannschaft Murau<\/p>\n<p><span style=\"font-weight: bold;\">Sitz:&nbsp;<\/span>Niederw\u00f6lz<br><span style=\"font-weight: bolder;\">Anschrift:<\/span>&nbsp;8831Niederw\u00f6lz, Gruberweg 41<\/p>\n<p><span style=\"font-weight: bolder;\">Gesch\u00e4ftsf\u00fchrer:<\/span>&nbsp;Albert Brunner<br><\/p>\n<p><span style=\"font-weight: bolder;\">Telefon<\/span>:<font face=\"var( --e-global-typography-text-font-family ), Sans-serif\"><span style=\"background-color: rgb(255, 255, 255); font-weight: var( --e-global-typography-text-font-weight ); line-height: var( --e-global-typography-text-line-height );\"><a href=\"http:\/\/tel:0353241900\">+43 3532 419 00<\/a><\/span><\/font><br><span style=\"font-weight: bolder;\">E-Mail<\/span>:&nbsp;<a href=\"mailto:info@murauer-regionsgutschein.at\" style=\"font-family: var( --e-global-typography-text-font-family ), Sans-serif; font-size: var( --e-global-typography-text-font-size ); font-weight: var( --e-global-typography-text-font-weight ); line-height: var( --e-global-typography-text-line-height );\">info@murauer-regionsgutschein.at<\/a><\/p>\t\t\t\t\t\t<\/div>\n\t\t\t\t<\/div>\n\t\t\t\t\t<\/div>\n\t\t<\/div>\n\t\t\t\t\t\t\t<\/div>\n\t\t<\/section>\n\t\t\t\t\t\t\t<\/div>\n\t\t","protected":false},"excerpt":{"rendered":"<p>Impressum Offenlegung gem. \u00a7 25 Abs 5 MedienG: WIRTSCHAFTSVEREIN BEZIRK MURAU ZVR-Zahl:&nbsp;1956454354Zust\u00e4ndigkeit:&nbsp;Bezirkshauptmannschaft Murau Sitz:&nbsp;Niederw\u00f6lzAnschrift:&nbsp;8831Niederw\u00f6lz, Gruberweg 41 Obmann:&nbsp;Albert BrunnerObmann-Stv:&nbsp;Sebastian PintarKassier:&nbsp;DI Wolfgang MoserKassier-Stv:&nbsp;Mag. Ernst Autischer Telefon:&nbsp;+43 3532 419 00E-Mail:&nbsp;info@murauer-regionsgutschein.at Murauer Regionsgutschein GmbH Firmenbuchnummer:&nbsp;613815wZust\u00e4ndigkeit:&nbsp;Bezirkshauptmannschaft Murau Sitz:&nbsp;Niederw\u00f6lzAnschrift:&nbsp;8831Niederw\u00f6lz, Gruberweg 41 Gesch\u00e4ftsf\u00fchrer:&nbsp;Albert Brunner Telefon:+43 3532 419 00E-Mail:&nbsp;info@murauer-regionsgutschein.at<\/p>\n","protected":false},"author":1,"featured_media":0,"parent":0,"menu_order":0,"comment_status":"closed","ping_status":"closed","template":"","meta":{"footnotes":""},"class_list":["post-340","page","type-page","status-publish","hentry"],"_links":{"self":[{"href":"https:\/\/murauer-regionsgutschein.at\/gutscheinpartner\/wp-json\/wp\/v2\/pages\/340","targetHints":{"allow":["GET"]}}],"collection":[{"href":"https:\/\/murauer-regionsgutschein.at\/gutscheinpartner\/wp-json\/wp\/v2\/pages"}],"about":[{"href":"https:\/\/murauer-regionsgutschein.at\/gutscheinpartner\/wp-json\/wp\/v2\/types\/page"}],"author":[{"embeddable":true,"href":"https:\/\/murauer-regionsgutschein.at\/gutscheinpartner\/wp-json\/wp\/v2\/users\/1"}],"replies":[{"embeddable":true,"href":"https:\/\/murauer-regionsgutschein.at\/gutscheinpartner\/wp-json\/wp\/v2\/comments?post=340"}],"version-history":[{"count":22,"href":"https:\/\/murauer-regionsgutschein.at\/gutscheinpartner\/wp-json\/wp\/v2\/pages\/340\/revisions"}],"predecessor-version":[{"id":703,"href":"https:\/\/murauer-regionsgutschein.at\/gutscheinpartner\/wp-json\/wp\/v2\/pages\/340\/revisions\/703"}],"wp:attachment":[{"href":"https:\/\/murauer-regionsgutschein.at\/gutscheinpartner\/wp-json\/wp\/v2\/media?parent=340"}],"curies":[{"name":"wp","href":"https:\/\/api.w.org\/{rel}","templated":true}]}}